ommon divisor of 27 and f?
9
Let x = 230 - 221. Let d be x/(1112/272 - 4). What is the highest common factor of d and 170?
34
Let g be (-16424)/(-32) - (-2)/(-8). Suppose -14*m + g + 201 = 0. Calculate the greatest common factor of m and 255.
51
Suppose 48 = 4*m - j - 4*j, -j + 72 = 4*m. Let x be (-174)/(-4) - 9/(-6). Let n be 2/6 + (-609)/x*-5. Calculate the highest common factor of m and n.
17
Let m be ((-10)/35)/(9/(-63)) + 1 + 0. What is the highest common factor of 1137 and m?
3
Let h(p) = 8*p**3 - 10*p**2 - 33*p + 13. Let i be h(-5). Let l = 1116 + i. Let j be (-2)/5 + (-114)/(-10). Calculate the greatest common divisor of l and j.
11
Let v(u) = 4*u**2 + u - 12. Let a be v(-4). Let q be (-2)/(-3)*6/a*12. Let k be q/(15/6 - 3) - -101. What is the highest common divisor of 11 and k?
11
Suppose -89*i = -12617 - 9811. What is the highest common factor of 693 and i?
63
Suppose -17*d + 11193 = 16*d + 8*d. What is the greatest common factor of 15925 and d?
91
Suppose -8 = -4*k, -3*m - 2673 = 3*k - 15672. Calculate the highest common divisor of m and 122.
61
Let i(o) = 160*o + 92. Let d be i(25). Calculate the highest common factor of 6 and d.
6
Let l be ((-36)/(-14))/((-72)/(-5166))*2. Let w = l - 189. Calculate the highest common factor of 108 and w.
36
Let v(m) = -81*m - 1453. Let w be v(-18). What is the highest common factor of w and 45?
5
Let a(b) be the second derivative of -179*b**3/6 - 7*b**2/2 + 2*b + 48. Let c be a(-2). What is the greatest common divisor of c and 27?
27
Suppose -21*p = -53*p - 25*p + 237576. Calculate the greatest common factor of 4 and p.
4
Let k(w) = -33632*w - 717. Let b be k(-1). Calculate the highest common divisor of b and 145.
145
Suppose 5*l - x - 923 = 0, x - 187 = -186*l + 185*l. What is the greatest common divisor of l and 80?
5
Let m = -2066 - -2693. Calculate the highest common divisor of 399 and m.
57
Let y be -40*(1833/(-65) - -7). What is the highest common factor of 64 and y?
16
Let v be -1*(-3 - 5) + 0. What is the greatest common divisor of 76 and v?
4
Let y(b) = 4*b**3 - 16*b**2 - 52*b - 27. Let v be y(14). Calculate the greatest common divisor of v and 65.
65
Suppose v + 0*v = h + 6, -3*v = -h + 4. Let j be (h/(-3) + -3)/((-2)/108). Let x = j - -92. What is the highest common divisor of 14 and x?
14
Let y be 1202 - (-10 - (18 - 21)). What is the greatest common factor of y and 741?
39
Let c(h) = 18*h - 52. Suppose -50 = -12*k - 14. Let z be c(k). What is the highest common divisor of z and 14?
2
Let u = 2594 + -1580. What is the greatest common divisor of 156 and u?
78
Suppose -25*n - 116 = -28*n - 4*g, 4*g = 5*n - 140. What is the greatest common divisor of 1040 and n?
16
Suppose -247*c = -201*c - 25116. What is the greatest common factor of c and 182?
182
Let a be 4/10 - 1296/(-60). Suppose 0 = p + 5*q - 35, 27*q - a*q = -3*p + 145. Calculate the greatest common divisor of 1485 and p.
55
Suppose -291 = -6*k + 2*k + 5*a, 0 = 5*k - 5*a - 365. Let b(m) = 354*m - 486. Let y be b(2). Calculate the highest common divisor of k and y.
74
Suppose 3*c - 2*u - 683 = 0, 20*c - 19*c - 256 = -5*u. What is the highest common factor of c and 609?
21
Let y = 689 - -42. Suppose -y - 3229 = -15*z. Calculate the greatest common factor of 24 and z.
24
Suppose -h - 2*z + 444 = 0, -5*h = 172*z - 170*z - 2172. Let f = -27 + 39. Calculate the greatest common factor of h and f.
12
Let b be (27/15)/(4/(-20)). Let c = b + 13. Let a be (-3 + 4 + c)*(0 - -5). What is the greatest common divisor of 5 and a?
5
Let f be 36/(-10) - 2/5. Let v be 42 + 0 + 1 + 0 + f. What is the highest common factor of 39 and v?
39
Suppose -5*c + 15 - 15 = 0. Let r be 42/(c - -2 - (-30)/(-18)). Calculate the greatest common factor of 28 and r.
14
Suppose 0*f - 2*f = 262. Let r be (-1)/(107/444 + (-1)/4). Let g = r - f. Calculate the highest common factor of 22 and g.
22
Let w(t) = 12*t**2 + 334*t - 52. Let k be w(-32). What is the greatest common divisor of 36 and k?
36
Suppose 766*u + 3324 = 768*u. Suppose -1659*a + u*a = 99. What is the highest common divisor of 18 and a?
3
Suppose 3*d - 1850 = 4*y + 1885, 4*d + y = 4961. What is the highest common divisor of d and 219?
73
Let q be 1*-8*(-1236)/48. Let m be q/10 + (-48)/80. Let j = 13 + 7. Calculate the highest common divisor of j and m.
20
Let r(y) = 24*y**2 + 5*y + 77. Let f be r(-5). What is the greatest common divisor of 163 and f?
163
Let k be 1 - (1 + -2)*43. Let b = k + -14. Let z(q) = -75*q**3 - 15*q**2 - 62*q - 47. Let g be z(-1). Calculate the highest common divisor of g and b.
15
Suppose -2*g + 3*g - 37 = 0. Suppose 11*w = 15*w - 28. Suppose -11*c = w*c - 1998. What is the greatest common divisor of g and c?
37
Suppose 54 = i - 0*i + 2*y, 0 = 2*i + 5*y - 107. Suppose -4*j + 130 = -62. Let b be (j/3)/(-4)*-2. Calculate the highest common factor of i and b.
8
Suppose -105 - 35 = -5*j. Let i(w) = -w - 15*w**2 + 5*w - 21 + 16*w**2. Let d be i(-11). What is the highest common divisor of d and j?
28
Let c(q) = 9*q - 199. Let w be c(22). Let f(h) = -1076*h**3 + 2*h**2 + 3*h. Let b be f(w). What is the greatest common factor of b and 43?
43
Let l be (15/(-3) - -1350)/(67/134). Calculate the greatest common factor of 50 and l.
10
Suppose 22*v + 30373 = 38205. What is the highest common factor of v and 22606?
178
Let i = 185127 + -185108. Suppose v + 184 = 2*v. Suppose -3*t = 5*f - 3*f - v, -5*f - 2*t = -471. What is the highest common factor of i and f?
19
Let w = -4061 - -4142. What is the greatest common divisor of 4104 and w?
27
Suppose 50*l - 2439 - 2723 = 21*l. What is the highest common divisor of 6052 and l?
178
Let l = -1011 - -1031. Suppose 5*w - 22 - 3 = 0. Suppose 0 = -5*n + 2*n + w*z + 25, 3*z = n - 11. Calculate the highest common divisor of l and n.
5
Let o = -312 + 326. Let l(c) = 5*c - 64. Let f be l(o). Calculate the highest common divisor of f and 18.
6
Let b(l) = 3*l + 126. Let w be b(-27). Suppose -w*u + 434 = -241. Let s be -2*1 + 2*16. Calculate the highest common divisor of u and s.
15
Let n(y) = -y + 344. Let l be n(-76). What is the highest common divisor of 7665 and l?
105
Suppose 176 = -28*b + 36*b. Suppose h - b = -m, 3*m + h = m + 47. Calculate the greatest common divisor of 225 and m.
25
Let c(r) = r**2 + 17*r + 48. Let i be c(-12). Let g(f) = 2*f**2 - 12*f - 201. Let x be g(i). Calculate the highest common divisor of 99 and x.
33
Let q = -336 + 332. Let f = 14 - 7. Let c = q + f. What is the highest common divisor of c and 33?
3
Suppose 90 = 157*a - 152*a. Let m be ((-10)/(-4) - (-9)/a)*1. What is the highest common factor of 51 and m?
3
Let u(c) = -c**2 + 7*c + 243. Let f be u(19). What is the highest common divisor of f and 276?
3
Let b(u) = 49*u - 17. Let r be b(5). Suppose t + 9 = 4*t, 0 = -3*o + t + r. What is the highest common divisor of o and 21?
7
Suppose 7*y - 2*y = 4*m - 97, y + 3*m + 8 = 0. Let z(a) = -a**3 - 15*a**2 + 32*a + 12. Let c be z(y). What is the greatest common divisor of 253 and c?
23
Let w be (-28)/(-35)*-10*19/(-2). Let j = -67 + w. What is the highest common divisor of 261 and j?
9
Let v be (6 - 0 - 4)*1. Suppose 5*l = -4*j + 262, -v*j = j - 3*l - 210. Calculate the greatest common divisor of 34 and j.
34
Suppose -84 = 63*i - 70*i. Suppose 0 = i*g - 23*g + 803. What is the greatest common factor of 365 and g?
73
Let k be (-4 - -25 - -3)/(3 + -1). What is the highest common divisor of 5844 and k?
12
Suppose 13*s - 6 = 16*s, -2*i + 5*s + 1046 = 0. Let f = -326 + i. Calculate the highest common factor of f and 36.
12
Let n(m) = 10*m**2 + 19*m - 50. Let u be n(9). Let w = u + -471. What is the greatest common factor of w and 40?
20
Let d(y) = -y**3 - 36*y**2 + y + 66. Let u be d(-36). Calculate the highest common factor of u and 585.
15
Let g be (-4)/(-7)*(-95)/(-570) - 70430/(-42). What is the greatest common factor of 39 and g?
39
Let v = -1388 + 1402. What is the highest common divisor of 78 and v?
2
Let n be (5 + -10 + 4)/((-1)/(-3)). Let k be 549*(12/3)/(n + 6). What is the greatest common divisor of 24 and k?
12
Suppose -9*z = 4*z - 1768. Suppose 72*d - z = 68*d. Calculate the highest common divisor of d and 17.
17
Let s be 19/(1 + (-2 - -2)). Suppose -31*w = -8433 + 3132. Calculate the greatest common divisor of w and s.
19
Le